Dec 01 08:22:48.050 INFO testing mthiesen/link-patcher against master#8940af3cea4a9a9deabcaf843b2f8cad9a83fc61 for beta-1.31-5
Dec 01 08:22:48.052 INFO running `"docker" "create" "-v" "/mnt/big/crater/work/local/target-dirs/beta-1.31-5/worker-0/master#8940af3cea4a9a9deabcaf843b2f8cad9a83fc61:/target:rw,Z" "-v" "/mnt/big/crater/work/local/test-source/worker-0/beta-1.31-5/master#8940af3cea4a9a9deabcaf843b2f8cad9a83fc61:/source:ro,Z" "-v" "/mnt/big/crater/work/local/cargo-home:/cargo-home:ro,Z" "-v" "/mnt/big/crater/work/local/rustup-home:/rustup-home:ro,Z" "-e" "USER_ID=1000" "-e" "SOURCE_DIR=/source" "-e" "USER_ID=1000" "-e" "CMD=cargo +8940af3cea4a9a9deabcaf843b2f8cad9a83fc61-alt build --frozen" "-e" "CARGO_TARGET_DIR=/target" "-e" "CARGO_INCREMENTAL=0" "-e" "RUST_BACKTRACE=full" "-e" "RUSTFLAGS=--cap-lints=warn" "-e" "CARGO_HOME=/cargo-home" "-e" "RUSTUP_HOME=/rustup-home" "-m" "1536M" "--network" "none" "crater"`
Dec 01 08:22:48.303 INFO [stdout] 3ad038ad0e05d2323f166ff5f72ab35a2183a5ff997e9314b5e59b59310c816e
Dec 01 08:22:48.309 INFO running `"docker" "start" "-a" "3ad038ad0e05d2323f166ff5f72ab35a2183a5ff997e9314b5e59b59310c816e"`
Dec 01 08:22:48.936 INFO [stderr] usermod: no changes
Dec 01 08:22:49.071 INFO [stderr]    Compiling rprompt v1.0.3
Dec 01 08:22:49.071 INFO [stderr]    Compiling capstone-sys v0.9.1
Dec 01 08:22:49.079 INFO [stderr]    Compiling link-patcher v1.0.0 (/source)
Dec 01 08:22:49.079 INFO [stderr]    Compiling syn v0.15.15
Dec 01 08:23:07.474 INFO [stderr]    Compiling synstructure v0.10.1
Dec 01 08:23:07.474 INFO [stderr]    Compiling structopt-derive v0.2.12
Dec 01 08:23:12.403 INFO [stderr]    Compiling failure_derive v0.1.3
Dec 01 08:23:13.149 INFO [stderr]    Compiling structopt v0.2.12
Dec 01 08:23:14.714 INFO [stderr]    Compiling failure v0.1.3
Dec 01 08:23:15.405 INFO [stderr]    Compiling common_failures v0.1.1
Dec 01 08:23:22.387 INFO [stderr]    Compiling capstone v0.5.0
Dec 01 08:23:28.950 INFO [stderr]     Finished dev [unoptimized + debuginfo] target(s) in 40.00s
Dec 01 08:23:28.958 INFO [stderr] su: No module specific data is present
Dec 01 08:23:29.230 INFO running `"docker" "inspect" "3ad038ad0e05d2323f166ff5f72ab35a2183a5ff997e9314b5e59b59310c816e"`
Dec 01 08:23:29.445 INFO running `"docker" "rm" "-f" "3ad038ad0e05d2323f166ff5f72ab35a2183a5ff997e9314b5e59b59310c816e"`
Dec 01 08:23:29.677 INFO [stdout] 3ad038ad0e05d2323f166ff5f72ab35a2183a5ff997e9314b5e59b59310c816e
Dec 01 08:23:29.681 INFO running `"docker" "create" "-v" "/mnt/big/crater/work/local/target-dirs/beta-1.31-5/worker-0/master#8940af3cea4a9a9deabcaf843b2f8cad9a83fc61:/target:rw,Z" "-v" "/mnt/big/crater/work/local/test-source/worker-0/beta-1.31-5/master#8940af3cea4a9a9deabcaf843b2f8cad9a83fc61:/source:ro,Z" "-v" "/mnt/big/crater/work/local/cargo-home:/cargo-home:ro,Z" "-v" "/mnt/big/crater/work/local/rustup-home:/rustup-home:ro,Z" "-e" "USER_ID=1000" "-e" "SOURCE_DIR=/source" "-e" "USER_ID=1000" "-e" "CMD=cargo +8940af3cea4a9a9deabcaf843b2f8cad9a83fc61-alt test --frozen --no-run" "-e" "CARGO_TARGET_DIR=/target" "-e" "CARGO_INCREMENTAL=0" "-e" "RUST_BACKTRACE=full" "-e" "RUSTFLAGS=--cap-lints=warn" "-e" "CARGO_HOME=/cargo-home" "-e" "RUSTUP_HOME=/rustup-home" "-m" "1536M" "--network" "none" "crater"`
Dec 01 08:23:30.115 INFO [stdout] 2441b1b4785d5a1cbb2f9b6d8adf511334f6cf9d9672635e3312d2ed3524cf4f
Dec 01 08:23:30.123 INFO running `"docker" "start" "-a" "2441b1b4785d5a1cbb2f9b6d8adf511334f6cf9d9672635e3312d2ed3524cf4f"`
Dec 01 08:23:31.091 INFO [stderr] usermod: no changes
Dec 01 08:23:31.271 INFO [stderr]    Compiling winapi v0.3.6
Dec 01 08:23:33.327 INFO [stderr]    Compiling winreg v0.5.1
Dec 01 08:23:33.566 INFO [stderr] error[E0433]: failed to resolve: could not find `windows` in `os`
Dec 01 08:23:33.566 INFO [stderr]    --> /cargo-home/registry/src/github.com-1ecc6299db9ec823/winreg-0.5.1/src/lib.rs:103:14
Dec 01 08:23:33.566 INFO [stderr]     |
Dec 01 08:23:33.566 INFO [stderr] 103 | use std::os::windows::ffi::OsStrExt;
Dec 01 08:23:33.566 INFO [stderr]     |              ^^^^^^^ could not find `windows` in `os`
Dec 01 08:23:33.566 INFO [stderr] 
Dec 01 08:23:33.566 INFO [stderr] error[E0433]: failed to resolve: could not find `shared` in `winapi`
Dec 01 08:23:33.566 INFO [stderr]    --> /cargo-home/registry/src/github.com-1ecc6299db9ec823/winreg-0.5.1/src/lib.rs:107:17
Dec 01 08:23:33.566 INFO [stderr]     |
Dec 01 08:23:33.566 INFO [stderr] 107 | pub use winapi::shared::minwindef::HKEY;
Dec 01 08:23:33.566 INFO [stderr]     |                 ^^^^^^ could not find `shared` in `winapi`
Dec 01 08:23:33.566 INFO [stderr] 
Dec 01 08:23:33.567 INFO [stderr] error[E0433]: failed to resolve: could not find `shared` in `winapi`
Dec 01 08:23:33.567 INFO [stderr]    --> /cargo-home/registry/src/github.com-1ecc6299db9ec823/winreg-0.5.1/src/lib.rs:108:13
Dec 01 08:23:33.567 INFO [stderr]     |
Dec 01 08:23:33.567 INFO [stderr] 108 | use winapi::shared::minwindef::{DWORD, BYTE, LPBYTE};
Dec 01 08:23:33.567 INFO [stderr]     |             ^^^^^^ could not find `shared` in `winapi`
Dec 01 08:23:33.567 INFO [stderr] 
Dec 01 08:23:33.567 INFO [stderr] error[E0432]: unresolved import `winapi::shared`
Dec 01 08:23:33.567 INFO [stderr]    --> /cargo-home/registry/src/github.com-1ecc6299db9ec823/winreg-0.5.1/src/lib.rs:106:13
Dec 01 08:23:33.567 INFO [stderr]     |
Dec 01 08:23:33.567 INFO [stderr] 106 | use winapi::shared::winerror;
Dec 01 08:23:33.567 INFO [stderr]     |             ^^^^^^ could not find `shared` in `winapi`
Dec 01 08:23:33.567 INFO [stderr] 
Dec 01 08:23:33.567 INFO [stderr] error[E0433]: failed to resolve: could not find `um` in `winapi`
Dec 01 08:23:33.567 INFO [stderr]    --> /cargo-home/registry/src/github.com-1ecc6299db9ec823/winreg-0.5.1/src/lib.rs:109:13
Dec 01 08:23:33.567 INFO [stderr]     |
Dec 01 08:23:33.567 INFO [stderr] 109 | use winapi::um::winnt::{self, WCHAR};
Dec 01 08:23:33.567 INFO [stderr]     |             ^^ could not find `um` in `winapi`
Dec 01 08:23:33.567 INFO [stderr] 
Dec 01 08:23:33.568 INFO [stderr] error[E0432]: unresolved import `winapi::um`
Dec 01 08:23:33.568 INFO [stderr]    --> /cargo-home/registry/src/github.com-1ecc6299db9ec823/winreg-0.5.1/src/lib.rs:109:13
Dec 01 08:23:33.568 INFO [stderr]     |
Dec 01 08:23:33.568 INFO [stderr] 109 | use winapi::um::winnt::{self, WCHAR};
Dec 01 08:23:33.568 INFO [stderr]     |             ^^ could not find `um` in `winapi`
Dec 01 08:23:33.568 INFO [stderr] 
Dec 01 08:23:33.568 INFO [stderr] error[E0433]: failed to resolve: could not find `um` in `winapi`
Dec 01 08:23:33.568 INFO [stderr]  --> /cargo-home/registry/src/github.com-1ecc6299db9ec823/winreg-0.5.1/src/enums.rs:9:17
Dec 01 08:23:33.568 INFO [stderr]   |
Dec 01 08:23:33.568 INFO [stderr] 9 | pub use winapi::um::winreg::{HKEY_CLASSES_ROOT,
Dec 01 08:23:33.568 INFO [stderr]   |                 ^^ could not find `um` in `winapi`
Dec 01 08:23:33.568 INFO [stderr] 
Dec 01 08:23:33.568 INFO [stderr] error[E0433]: failed to resolve: could not find `um` in `winapi`
Dec 01 08:23:33.568 INFO [stderr]   --> /cargo-home/registry/src/github.com-1ecc6299db9ec823/winreg-0.5.1/src/enums.rs:19:17
Dec 01 08:23:33.568 INFO [stderr]    |
Dec 01 08:23:33.569 INFO [stderr] 19 | pub use winapi::um::winnt::{KEY_QUERY_VALUE,
Dec 01 08:23:33.569 INFO [stderr]    |                 ^^ could not find `um` in `winapi`
Dec 01 08:23:33.569 INFO [stderr] 
Dec 01 08:23:33.569 INFO [stderr] error[E0433]: failed to resolve: could not find `windows` in `os`
Dec 01 08:23:33.569 INFO [stderr]   --> /cargo-home/registry/src/github.com-1ecc6299db9ec823/winreg-0.5.1/src/types.rs:11:14
Dec 01 08:23:33.569 INFO [stderr]    |
Dec 01 08:23:33.569 INFO [stderr] 11 | use std::os::windows::ffi::{OsStrExt,OsStringExt};
Dec 01 08:23:33.569 INFO [stderr]    |              ^^^^^^^ could not find `windows` in `os`
Dec 01 08:23:33.569 INFO [stderr] 
Dec 01 08:23:33.569 INFO [stderr] error[E0432]: unresolved import `winapi::um`
Dec 01 08:23:33.569 INFO [stderr]    --> /cargo-home/registry/src/github.com-1ecc6299db9ec823/winreg-0.5.1/src/lib.rs:110:13
Dec 01 08:23:33.569 INFO [stderr]     |
Dec 01 08:23:33.569 INFO [stderr] 110 | use winapi::um::winreg as winapi_reg;
Dec 01 08:23:33.569 INFO [stderr]     |             ^^ could not find `um` in `winapi`
Dec 01 08:23:33.569 INFO [stderr] 
Dec 01 08:23:33.569 INFO [stderr] error[E0432]: unresolved import `super::winapi::shared`
Dec 01 08:23:33.570 INFO [stderr]   --> /cargo-home/registry/src/github.com-1ecc6299db9ec823/winreg-0.5.1/src/types.rs:12:20
Dec 01 08:23:33.570 INFO [stderr]    |
Dec 01 08:23:33.570 INFO [stderr] 12 | use super::winapi::shared::winerror;
Dec 01 08:23:33.570 INFO [stderr]    |                    ^^^^^^ could not find `shared` in `winapi`
Dec 01 08:23:33.570 INFO [stderr] 
Dec 01 08:23:33.570 INFO [stderr] error[E0433]: failed to resolve: could not find `um` in `winapi`
Dec 01 08:23:33.570 INFO [stderr]   --> /cargo-home/registry/src/github.com-1ecc6299db9ec823/winreg-0.5.1/src/enums.rs:39:29
Dec 01 08:23:33.570 INFO [stderr]    |
Dec 01 08:23:33.570 INFO [stderr] 39 |               $( $v = winapi::um::winnt::$v as isize ),*
Dec 01 08:23:33.570 INFO [stderr]    |                               ^^ could not find `um` in `winapi`
Dec 01 08:23:33.570 INFO [stderr] ...
Dec 01 08:23:33.570 INFO [stderr] 44 | / winapi_enum!(RegType, "Enumeration of possible registry value types" => [
Dec 01 08:23:33.570 INFO [stderr] 45 | | REG_NONE,
Dec 01 08:23:33.570 INFO [stderr] 46 | | REG_SZ,
Dec 01 08:23:33.570 INFO [stderr] 47 | | REG_EXPAND_SZ,
Dec 01 08:23:33.570 INFO [stderr] ...  |
Dec 01 08:23:33.570 INFO [stderr] 56 | | REG_QWORD
Dec 01 08:23:33.570 INFO [stderr] 57 | | ]);
Dec 01 08:23:33.570 INFO [stderr]    | |___- in this macro invocation
Dec 01 08:23:33.570 INFO [stderr] 
Dec 01 08:23:33.695 INFO [stderr] error[E0412]: cannot find type `DWORD` in this scope
Dec 01 08:23:33.695 INFO [stderr]    --> /cargo-home/registry/src/github.com-1ecc6299db9ec823/winreg-0.5.1/src/lib.rs:136:19
Dec 01 08:23:33.695 INFO [stderr]     |
Dec 01 08:23:33.695 INFO [stderr] 136 |     pub sub_keys: DWORD,
Dec 01 08:23:33.695 INFO [stderr]     |                   ^^^^^ not found in this scope
Dec 01 08:23:33.695 INFO [stderr] 
Dec 01 08:23:33.696 INFO [stderr] error[E0412]: cannot find type `DWORD` in this scope
Dec 01 08:23:33.696 INFO [stderr]    --> /cargo-home/registry/src/github.com-1ecc6299db9ec823/winreg-0.5.1/src/lib.rs:137:26
Dec 01 08:23:33.696 INFO [stderr]     |
Dec 01 08:23:33.696 INFO [stderr] 137 |     pub max_sub_key_len: DWORD,
Dec 01 08:23:33.696 INFO [stderr]     |                          ^^^^^ not found in this scope
Dec 01 08:23:33.696 INFO [stderr] 
Dec 01 08:23:33.696 INFO [stderr] error[E0412]: cannot find type `DWORD` in this scope
Dec 01 08:23:33.696 INFO [stderr]    --> /cargo-home/registry/src/github.com-1ecc6299db9ec823/winreg-0.5.1/src/lib.rs:138:24
Dec 01 08:23:33.696 INFO [stderr]     |
Dec 01 08:23:33.696 INFO [stderr] 138 |     pub max_class_len: DWORD,
Dec 01 08:23:33.697 INFO [stderr]     |                        ^^^^^ not found in this scope
Dec 01 08:23:33.697 INFO [stderr] 
Dec 01 08:23:33.697 INFO [stderr] error[E0412]: cannot find type `DWORD` in this scope
Dec 01 08:23:33.697 INFO [stderr]    --> /cargo-home/registry/src/github.com-1ecc6299db9ec823/winreg-0.5.1/src/lib.rs:139:17
Dec 01 08:23:33.697 INFO [stderr]     |
Dec 01 08:23:33.697 INFO [stderr] 139 |     pub values: DWORD,
Dec 01 08:23:33.697 INFO [stderr]     |                 ^^^^^ not found in this scope
Dec 01 08:23:33.697 INFO [stderr] 
Dec 01 08:23:33.697 INFO [stderr] error[E0412]: cannot find type `DWORD` in this scope
Dec 01 08:23:33.697 INFO [stderr]    --> /cargo-home/registry/src/github.com-1ecc6299db9ec823/winreg-0.5.1/src/lib.rs:140:29
Dec 01 08:23:33.697 INFO [stderr]     |
Dec 01 08:23:33.697 INFO [stderr] 140 |     pub max_value_name_len: DWORD,
Dec 01 08:23:33.698 INFO [stderr]     |                             ^^^^^ not found in this scope
Dec 01 08:23:33.698 INFO [stderr] 
Dec 01 08:23:33.698 INFO [stderr] error[E0412]: cannot find type `DWORD` in this scope
Dec 01 08:23:33.698 INFO [stderr]    --> /cargo-home/registry/src/github.com-1ecc6299db9ec823/winreg-0.5.1/src/lib.rs:141:24
Dec 01 08:23:33.698 INFO [stderr]     |
Dec 01 08:23:33.698 INFO [stderr] 141 |     pub max_value_len: DWORD,
Dec 01 08:23:33.698 INFO [stderr]     |                        ^^^^^ not found in this scope
Dec 01 08:23:33.698 INFO [stderr] 
Dec 01 08:23:33.698 INFO [stderr] error[E0412]: cannot find type `HKEY` in this scope
Dec 01 08:23:33.698 INFO [stderr]    --> /cargo-home/registry/src/github.com-1ecc6299db9ec823/winreg-0.5.1/src/lib.rs:183:11
Dec 01 08:23:33.698 INFO [stderr]     |
Dec 01 08:23:33.698 INFO [stderr] 183 |     hkey: HKEY,
Dec 01 08:23:33.698 INFO [stderr]     |           ^^^^ not found in this scope
Dec 01 08:23:33.699 INFO [stderr] 
Dec 01 08:23:33.699 INFO [stderr] error[E0412]: cannot find type `HKEY` in this scope
Dec 01 08:23:33.699 INFO [stderr]    --> /cargo-home/registry/src/github.com-1ecc6299db9ec823/winreg-0.5.1/src/lib.rs:209:25
Dec 01 08:23:33.699 INFO [stderr]     |
Dec 01 08:23:33.699 INFO [stderr] 209 |     pub fn predef(hkey: HKEY) -> RegKey {
Dec 01 08:23:33.699 INFO [stderr]     |                         ^^^^ not found in this scope
Dec 01 08:23:33.699 INFO [stderr] 
Dec 01 08:23:33.699 INFO [stderr] error[E0412]: cannot find type `HKEY` in this scope
Dec 01 08:23:33.699 INFO [stderr]    --> /cargo-home/registry/src/github.com-1ecc6299db9ec823/winreg-0.5.1/src/lib.rs:224:33
Dec 01 08:23:33.699 INFO [stderr]     |
Dec 01 08:23:33.699 INFO [stderr] 224 |     pub fn raw_handle(&self) -> HKEY {
Dec 01 08:23:33.699 INFO [stderr]     |                                 ^^^^ not found in this scope
Dec 01 08:23:33.699 INFO [stderr] 
Dec 01 08:23:33.699 INFO [stderr] error[E0425]: cannot find value `KEY_READ` in module `enums`
Dec 01 08:23:33.700 INFO [stderr]    --> /cargo-home/registry/src/github.com-1ecc6299db9ec823/winreg-0.5.1/src/lib.rs:242:50
Dec 01 08:23:33.700 INFO [stderr]     |
Dec 01 08:23:33.700 INFO [stderr] 242 |         self.open_subkey_with_flags(path, enums::KEY_READ)
Dec 01 08:23:33.700 INFO [stderr]     |                                                  ^^^^^^^^ not found in `enums`
Dec 01 08:23:33.700 INFO [stderr] 
Dec 01 08:23:33.700 INFO [stderr] error[E0412]: cannot find type `HKEY` in this scope
Dec 01 08:23:33.700 INFO [stderr]    --> /cargo-home/registry/src/github.com-1ecc6299db9ec823/winreg-0.5.1/src/lib.rs:258:27
Dec 01 08:23:33.700 INFO [stderr]     |
Dec 01 08:23:33.700 INFO [stderr] 258 |         let mut new_hkey: HKEY = ptr::null_mut();
Dec 01 08:23:33.700 INFO [stderr]     |                           ^^^^ not found in this scope
Dec 01 08:23:33.700 INFO [stderr] 
Dec 01 08:23:33.700 INFO [stderr] error[E0412]: cannot find type `DWORD` in this scope
Dec 01 08:23:33.700 INFO [stderr]    --> /cargo-home/registry/src/github.com-1ecc6299db9ec823/winreg-0.5.1/src/lib.rs:266:18
Dec 01 08:23:33.700 INFO [stderr]     |
Dec 01 08:23:33.700 INFO [stderr] 266 |             ) as DWORD
Dec 01 08:23:33.701 INFO [stderr]     |                  ^^^^^ not found in this scope
Dec 01 08:23:33.701 INFO [stderr] 
Dec 01 08:23:33.701 INFO [stderr] error[E0425]: cannot find value `KEY_ALL_ACCESS` in module `enums`
Dec 01 08:23:33.701 INFO [stderr]    --> /cargo-home/registry/src/github.com-1ecc6299db9ec823/winreg-0.5.1/src/lib.rs:317:52
Dec 01 08:23:33.701 INFO [stderr]     |
Dec 01 08:23:33.701 INFO [stderr] 317 |         self.create_subkey_with_flags(path, enums::KEY_ALL_ACCESS)
Dec 01 08:23:33.701 INFO [stderr]     |                                                    ^^^^^^^^^^^^^^ not found in `enums`
Dec 01 08:23:33.701 INFO [stderr] 
Dec 01 08:23:33.701 INFO [stderr] error[E0412]: cannot find type `HKEY` in this scope
Dec 01 08:23:33.701 INFO [stderr]    --> /cargo-home/registry/src/github.com-1ecc6299db9ec823/winreg-0.5.1/src/lib.rs:322:27
Dec 01 08:23:33.701 INFO [stderr]     |
Dec 01 08:23:33.701 INFO [stderr] 322 |         let mut new_hkey: HKEY = ptr::null_mut();
Dec 01 08:23:33.701 INFO [stderr]     |                           ^^^^ not found in this scope
Dec 01 08:23:33.701 INFO [stderr] 
Dec 01 08:23:33.701 INFO [stderr] error[E0412]: cannot find type `DWORD` in this scope
Dec 01 08:23:33.701 INFO [stderr]    --> /cargo-home/registry/src/github.com-1ecc6299db9ec823/winreg-0.5.1/src/lib.rs:323:23
Dec 01 08:23:33.701 INFO [stderr]     |
Dec 01 08:23:33.701 INFO [stderr] 323 |         let mut disp: DWORD = 0;
Dec 01 08:23:33.701 INFO [stderr]     |                       ^^^^^ not found in this scope
Dec 01 08:23:33.702 INFO [stderr] 
Dec 01 08:23:33.702 INFO [stderr] error[E0412]: cannot find type `DWORD` in this scope
Dec 01 08:23:33.702 INFO [stderr]    --> /cargo-home/registry/src/github.com-1ecc6299db9ec823/winreg-0.5.1/src/lib.rs:419:18
Dec 01 08:23:33.702 INFO [stderr]     |
Dec 01 08:23:33.702 INFO [stderr] 419 |             ) as DWORD
Dec 01 08:23:33.702 INFO [stderr]     |                  ^^^^^ not found in this scope
Dec 01 08:23:33.702 INFO [stderr] 
Dec 01 08:23:33.702 INFO [stderr] error[E0412]: cannot find type `DWORD` in this scope
Dec 01 08:23:33.702 INFO [stderr]    --> /cargo-home/registry/src/github.com-1ecc6299db9ec823/winreg-0.5.1/src/lib.rs:481:18
Dec 01 08:23:33.702 INFO [stderr]     |
Dec 01 08:23:33.702 INFO [stderr] 481 |             ) as DWORD
Dec 01 08:23:33.702 INFO [stderr]     |                  ^^^^^ not found in this scope
Dec 01 08:23:33.702 INFO [stderr] 
Dec 01 08:23:33.702 INFO [stderr] error[E0412]: cannot find type `DWORD` in this scope
Dec 01 08:23:33.702 INFO [stderr]    --> /cargo-home/registry/src/github.com-1ecc6299db9ec823/winreg-0.5.1/src/lib.rs:531:18
Dec 01 08:23:33.702 INFO [stderr]     |
Dec 01 08:23:33.702 INFO [stderr] 531 |             ) as DWORD
Dec 01 08:23:33.702 INFO [stderr]     |                  ^^^^^ not found in this scope
Dec 01 08:23:33.702 INFO [stderr] 
Dec 01 08:23:33.703 INFO [stderr] error[E0412]: cannot find type `DWORD` in this scope
Dec 01 08:23:33.703 INFO [stderr]    --> /cargo-home/registry/src/github.com-1ecc6299db9ec823/winreg-0.5.1/src/lib.rs:574:26
Dec 01 08:23:33.703 INFO [stderr]     |
Dec 01 08:23:33.703 INFO [stderr] 574 |         let mut buf_len: DWORD = 2048;
Dec 01 08:23:33.703 INFO [stderr]     |                          ^^^^^ not found in this scope
Dec 01 08:23:33.703 INFO [stderr] 
Dec 01 08:23:33.703 INFO [stderr] error[E0412]: cannot find type `DWORD` in this scope
Dec 01 08:23:33.703 INFO [stderr]    --> /cargo-home/registry/src/github.com-1ecc6299db9ec823/winreg-0.5.1/src/lib.rs:575:27
Dec 01 08:23:33.703 INFO [stderr]     |
Dec 01 08:23:33.703 INFO [stderr] 575 |         let mut buf_type: DWORD = 0;
Dec 01 08:23:33.703 INFO [stderr]     |                           ^^^^^ not found in this scope
Dec 01 08:23:33.703 INFO [stderr] 
Dec 01 08:23:33.703 INFO [stderr] error[E0412]: cannot find type `LPBYTE` in this scope
Dec 01 08:23:33.703 INFO [stderr]    --> /cargo-home/registry/src/github.com-1ecc6299db9ec823/winreg-0.5.1/src/lib.rs:584:41
Dec 01 08:23:33.703 INFO [stderr]     |
Dec 01 08:23:33.703 INFO [stderr] 584 |                     buf.as_mut_ptr() as LPBYTE,
Dec 01 08:23:33.703 INFO [stderr]     |                                         ^^^^^^ not found in this scope
Dec 01 08:23:33.703 INFO [stderr] 
Dec 01 08:23:33.704 INFO [stderr] error[E0412]: cannot find type `DWORD` in this scope
Dec 01 08:23:33.704 INFO [stderr]    --> /cargo-home/registry/src/github.com-1ecc6299db9ec823/winreg-0.5.1/src/lib.rs:586:22
Dec 01 08:23:33.704 INFO [stderr]     |
Dec 01 08:23:33.704 INFO [stderr] 586 |                 ) as DWORD
Dec 01 08:23:33.704 INFO [stderr]     |                      ^^^^^ not found in this scope
Dec 01 08:23:33.704 INFO [stderr] 
Dec 01 08:23:33.704 INFO [stderr] error[E0412]: cannot find type `DWORD` in this scope
Dec 01 08:23:33.704 INFO [stderr]    --> /cargo-home/registry/src/github.com-1ecc6299db9ec823/winreg-0.5.1/src/lib.rs:640:40
Dec 01 08:23:33.704 INFO [stderr]     |
Dec 01 08:23:33.704 INFO [stderr] 640 |         let t = value.vtype.clone() as DWORD;
Dec 01 08:23:33.704 INFO [stderr]     |                                        ^^^^^ not found in this scope
Dec 01 08:23:33.704 INFO [stderr] 
Dec 01 08:23:33.704 INFO [stderr] error[E0412]: cannot find type `BYTE` in this scope
Dec 01 08:23:33.704 INFO [stderr]    --> /cargo-home/registry/src/github.com-1ecc6299db9ec823/winreg-0.5.1/src/lib.rs:647:48
Dec 01 08:23:33.704 INFO [stderr]     |
Dec 01 08:23:33.704 INFO [stderr] 647 |                 value.bytes.as_ptr() as *const BYTE,
Dec 01 08:23:33.704 INFO [stderr]     |                                                ^^^^ not found in this scope
Dec 01 08:23:33.704 INFO [stderr] 
Dec 01 08:23:33.704 INFO [stderr] error[E0412]: cannot find type `DWORD` in this scope
Dec 01 08:23:33.704 INFO [stderr]    --> /cargo-home/registry/src/github.com-1ecc6299db9ec823/winreg-0.5.1/src/lib.rs:649:18
Dec 01 08:23:33.704 INFO [stderr]     |
Dec 01 08:23:33.705 INFO [stderr] 649 |             ) as DWORD
Dec 01 08:23:33.705 INFO [stderr]     |                  ^^^^^ not found in this scope
Dec 01 08:23:33.705 INFO [stderr] 
Dec 01 08:23:33.705 INFO [stderr] error[E0412]: cannot find type `DWORD` in this scope
Dec 01 08:23:33.705 INFO [stderr]    --> /cargo-home/registry/src/github.com-1ecc6299db9ec823/winreg-0.5.1/src/lib.rs:674:18
Dec 01 08:23:33.705 INFO [stderr]     |
Dec 01 08:23:33.705 INFO [stderr] 674 |             ) as DWORD
Dec 01 08:23:33.705 INFO [stderr]     |                  ^^^^^ not found in this scope
Dec 01 08:23:33.705 INFO [stderr] 
Dec 01 08:23:33.705 INFO [stderr] error[E0425]: cannot find value `HKEY_CLASSES_ROOT` in module `enums`
Dec 01 08:23:33.705 INFO [stderr]    --> /cargo-home/registry/src/github.com-1ecc6299db9ec823/winreg-0.5.1/src/lib.rs:775:32
Dec 01 08:23:33.705 INFO [stderr]     |
Dec 01 08:23:33.705 INFO [stderr] 775 |         if self.hkey >= enums::HKEY_CLASSES_ROOT { return Ok(()) };
Dec 01 08:23:33.705 INFO [stderr]     |                                ^^^^^^^^^^^^^^^^^ not found in `enums`
Dec 01 08:23:33.705 INFO [stderr] 
Dec 01 08:23:33.705 INFO [stderr] error[E0412]: cannot find type `DWORD` in this scope
Dec 01 08:23:33.705 INFO [stderr]    --> /cargo-home/registry/src/github.com-1ecc6299db9ec823/winreg-0.5.1/src/lib.rs:777:51
Dec 01 08:23:33.706 INFO [stderr]     |
Dec 01 08:23:33.706 INFO [stderr] 777 |             winapi_reg::RegCloseKey(self.hkey) as DWORD
Dec 01 08:23:33.706 INFO [stderr]     |                                                   ^^^^^ not found in this scope
Dec 01 08:23:33.706 INFO [stderr] 
Dec 01 08:23:33.706 INFO [stderr] error[E0412]: cannot find type `DWORD` in this scope
Dec 01 08:23:33.706 INFO [stderr]    --> /cargo-home/registry/src/github.com-1ecc6299db9ec823/winreg-0.5.1/src/lib.rs:784:31
Dec 01 08:23:33.706 INFO [stderr]     |
Dec 01 08:23:33.706 INFO [stderr] 784 |     fn enum_key(&self, index: DWORD) -> Option<io::Result<String>> {
Dec 01 08:23:33.706 INFO [stderr]     |                               ^^^^^ not found in this scope
Dec 01 08:23:33.706 INFO [stderr] 
Dec 01 08:23:33.706 INFO [stderr] error[E0412]: cannot find type `WCHAR` in this scope
Dec 01 08:23:33.706 INFO [stderr]    --> /cargo-home/registry/src/github.com-1ecc6299db9ec823/winreg-0.5.1/src/lib.rs:786:30
Dec 01 08:23:33.706 INFO [stderr]     |
Dec 01 08:23:33.706 INFO [stderr] 786 |         let mut name = [0 as WCHAR; 2048];
Dec 01 08:23:33.706 INFO [stderr]     |                              ^^^^^ not found in this scope
Dec 01 08:23:33.706 INFO [stderr] 
Dec 01 08:23:33.706 INFO [stderr] error[E0412]: cannot find type `DWORD` in this scope
Dec 01 08:23:33.706 INFO [stderr]    --> /cargo-home/registry/src/github.com-1ecc6299db9ec823/winreg-0.5.1/src/lib.rs:797:18
Dec 01 08:23:33.706 INFO [stderr]     |
Dec 01 08:23:33.707 INFO [stderr] 797 |             ) as DWORD
Dec 01 08:23:33.707 INFO [stderr]     |                  ^^^^^ not found in this scope
Dec 01 08:23:33.707 INFO [stderr] 
Dec 01 08:23:33.707 INFO [stderr] error[E0412]: cannot find type `DWORD` in this scope
Dec 01 08:23:33.707 INFO [stderr]    --> /cargo-home/registry/src/github.com-1ecc6299db9ec823/winreg-0.5.1/src/lib.rs:812:33
Dec 01 08:23:33.707 INFO [stderr]     |
Dec 01 08:23:33.707 INFO [stderr] 812 |     fn enum_value(&self, index: DWORD) -> Option<io::Result<(String, RegValue)>> {
Dec 01 08:23:33.707 INFO [stderr]     |                                 ^^^^^ not found in this scope
Dec 01 08:23:33.707 INFO [stderr] 
Dec 01 08:23:33.707 INFO [stderr] error[E0412]: cannot find type `WCHAR` in this scope
Dec 01 08:23:33.707 INFO [stderr]    --> /cargo-home/registry/src/github.com-1ecc6299db9ec823/winreg-0.5.1/src/lib.rs:814:30
Dec 01 08:23:33.707 INFO [stderr]     |
Dec 01 08:23:33.707 INFO [stderr] 814 |         let mut name = [0 as WCHAR; 2048];
Dec 01 08:23:33.707 INFO [stderr]     |                              ^^^^^ not found in this scope
Dec 01 08:23:33.707 INFO [stderr] 
Dec 01 08:23:33.707 INFO [stderr] error[E0412]: cannot find type `DWORD` in this scope
Dec 01 08:23:33.707 INFO [stderr]    --> /cargo-home/registry/src/github.com-1ecc6299db9ec823/winreg-0.5.1/src/lib.rs:816:26
Dec 01 08:23:33.707 INFO [stderr]     |
Dec 01 08:23:33.707 INFO [stderr] 816 |         let mut buf_len: DWORD = 2048;
Dec 01 08:23:33.708 INFO [stderr]     |                          ^^^^^ not found in this scope
Dec 01 08:23:33.708 INFO [stderr] 
Dec 01 08:23:33.708 INFO [stderr] error[E0412]: cannot find type `DWORD` in this scope
Dec 01 08:23:33.708 INFO [stderr]    --> /cargo-home/registry/src/github.com-1ecc6299db9ec823/winreg-0.5.1/src/lib.rs:817:27
Dec 01 08:23:33.708 INFO [stderr]     |
Dec 01 08:23:33.708 INFO [stderr] 817 |         let mut buf_type: DWORD = 0;
Dec 01 08:23:33.708 INFO [stderr]     |                           ^^^^^ not found in this scope
Dec 01 08:23:33.708 INFO [stderr] 
Dec 01 08:23:33.708 INFO [stderr] error[E0412]: cannot find type `LPBYTE` in this scope
Dec 01 08:23:33.708 INFO [stderr]    --> /cargo-home/registry/src/github.com-1ecc6299db9ec823/winreg-0.5.1/src/lib.rs:828:41
Dec 01 08:23:33.708 INFO [stderr]     |
Dec 01 08:23:33.708 INFO [stderr] 828 |                     buf.as_mut_ptr() as LPBYTE,
Dec 01 08:23:33.708 INFO [stderr]     |                                         ^^^^^^ not found in this scope
Dec 01 08:23:33.708 INFO [stderr] 
Dec 01 08:23:33.708 INFO [stderr] error[E0412]: cannot find type `DWORD` in this scope
Dec 01 08:23:33.708 INFO [stderr]    --> /cargo-home/registry/src/github.com-1ecc6299db9ec823/winreg-0.5.1/src/lib.rs:830:22
Dec 01 08:23:33.708 INFO [stderr]     |
Dec 01 08:23:33.708 INFO [stderr] 830 |                 ) as DWORD
Dec 01 08:23:33.708 INFO [stderr]     |                      ^^^^^ not found in this scope
Dec 01 08:23:33.708 INFO [stderr] 
Dec 01 08:23:33.709 INFO [stderr] error[E0412]: cannot find type `DWORD` in this scope
Dec 01 08:23:33.709 INFO [stderr]    --> /cargo-home/registry/src/github.com-1ecc6299db9ec823/winreg-0.5.1/src/lib.rs:866:12
Dec 01 08:23:33.709 INFO [stderr]     |
Dec 01 08:23:33.709 INFO [stderr] 866 |     index: DWORD,
Dec 01 08:23:33.709 INFO [stderr]     |            ^^^^^ not found in this scope
Dec 01 08:23:33.709 INFO [stderr] 
Dec 01 08:23:33.709 INFO [stderr] error[E0412]: cannot find type `DWORD` in this scope
Dec 01 08:23:33.709 INFO [stderr]    --> /cargo-home/registry/src/github.com-1ecc6299db9ec823/winreg-0.5.1/src/lib.rs:886:12
Dec 01 08:23:33.709 INFO [stderr]     |
Dec 01 08:23:33.709 INFO [stderr] 886 |     index: DWORD,
Dec 01 08:23:33.709 INFO [stderr]     |            ^^^^^ not found in this scope
Dec 01 08:23:33.709 INFO [stderr] 
Dec 01 08:23:33.843 INFO [stderr] error[E0599]: no method named `encode_wide` found for type `&std::ffi::OsStr` in the current scope
Dec 01 08:23:33.843 INFO [stderr]    --> /cargo-home/registry/src/github.com-1ecc6299db9ec823/winreg-0.5.1/src/lib.rs:904:16
Dec 01 08:23:33.843 INFO [stderr]     |
Dec 01 08:23:33.843 INFO [stderr] 904 |     s.as_ref().encode_wide().chain(Some(0).into_iter()).collect()
Dec 01 08:23:33.843 INFO [stderr]     |                ^^^^^^^^^^^
Dec 01 08:23:33.843 INFO [stderr] 
Dec 01 08:23:33.846 INFO [stderr] error[E0599]: no function or associated item named `from_wide` found for type `std::ffi::OsString` in the current scope
Dec 01 08:23:33.847 INFO [stderr]   --> /cargo-home/registry/src/github.com-1ecc6299db9ec823/winreg-0.5.1/src/types.rs:54:25
Dec 01 08:23:33.847 INFO [stderr]    |
Dec 01 08:23:33.847 INFO [stderr] 54 |                 let s = OsString::from_wide(words);
Dec 01 08:23:33.847 INFO [stderr]    |                         ^^^^^^^^^^^^^^^^^^^ function or associated item not found in `std::ffi::OsString`
Dec 01 08:23:33.847 INFO [stderr] 
Dec 01 08:23:33.847 INFO [stderr] error[E0599]: no method named `encode_wide` found for type `&&'a std::ffi::OsStr` in the current scope
Dec 01 08:23:33.847 INFO [stderr]    --> /cargo-home/registry/src/github.com-1ecc6299db9ec823/winreg-0.5.1/src/types.rs:113:37
Dec 01 08:23:33.847 INFO [stderr]     |
Dec 01 08:23:33.847 INFO [stderr] 113 |             bytes: v16_to_v8(&(self.encode_wide().collect::<Vec<_>>())),
Dec 01 08:23:33.847 INFO [stderr]     |                                     ^^^^^^^^^^^
Dec 01 08:23:33.847 INFO [stderr] 
Dec 01 08:23:33.855 INFO [stderr] error: aborting due to 54 previous errors
Dec 01 08:23:33.855 INFO [stderr] 
Dec 01 08:23:33.855 INFO [stderr] Some errors occurred: E0412, E0425, E0432, E0433, E0599.
Dec 01 08:23:33.855 INFO [stderr] For more information about an error, try `rustc --explain E0412`.
Dec 01 08:23:33.879 INFO [stderr] error: Could not compile `winreg`.
Dec 01 08:23:33.879 INFO [stderr] 
Dec 01 08:23:33.879 INFO [stderr] To learn more, run the command again with --verbose.
Dec 01 08:23:33.879 INFO [stderr] su: No module specific data is present
Dec 01 08:23:34.325 INFO running `"docker" "inspect" "2441b1b4785d5a1cbb2f9b6d8adf511334f6cf9d9672635e3312d2ed3524cf4f"`
Dec 01 08:23:34.537 INFO running `"docker" "rm" "-f" "2441b1b4785d5a1cbb2f9b6d8adf511334f6cf9d9672635e3312d2ed3524cf4f"`
Dec 01 08:23:34.677 INFO [stdout] 2441b1b4785d5a1cbb2f9b6d8adf511334f6cf9d9672635e3312d2ed3524cf4f
